{"id":5006,"date":"2024-04-08T10:54:15","date_gmt":"2024-04-08T10:54:15","guid":{"rendered":"https:\/\/www.b2iconsulting.com\/?post_type=event_listing&#038;p=5006"},"modified":"2024-04-15T18:53:17","modified_gmt":"2024-04-15T18:53:17","slug":"sil-feria-lider-de-logistica-transporte-intralogistica-y-supply-chain-del-sur-de-europa","status":"publish","type":"event_listing","link":"https:\/\/www.b2iconsulting.com\/en\/event\/sil-feria-lider-de-logistica-transporte-intralogistica-y-supply-chain-del-sur-de-europa\/","title":{"rendered":"SIL &#8211; Feria l\u00edder de Log\u00edstica, Transporte, Intralog\u00edstica y Supply Chain del Sur de Europa"},"content":{"rendered":"","protected":false},"featured_media":5007,"template":"","meta":{"_monsterinsights_skip_tracking":false,"_monsterinsights_sitenote_active":false,"_monsterinsights_sitenote_note":"","_monsterinsights_sitenote_category":0},"event_listing_category":[],"event_listing_type":[],"_links":{"self":[{"href":"https:\/\/www.b2iconsulting.com\/en\/wp-json\/wp\/v2\/event_listing\/5006"}],"collection":[{"href":"https:\/\/www.b2iconsulting.com\/en\/wp-json\/wp\/v2\/event_listing"}],"about":[{"href":"https:\/\/www.b2iconsulting.com\/en\/wp-json\/wp\/v2\/types\/event_listing"}],"wp:featuredmedia":[{"embeddable":true,"href":"https:\/\/www.b2iconsulting.com\/en\/wp-json\/wp\/v2\/media\/5007"}],"wp:attachment":[{"href":"https:\/\/www.b2iconsulting.com\/en\/wp-json\/wp\/v2\/media?parent=5006"}],"wp:term":[{"taxonomy":"event_listing_category","embeddable":true,"href":"https:\/\/www.b2iconsulting.com\/en\/wp-json\/wp\/v2\/event_listing_category?post=5006"},{"taxonomy":"event_listing_type","embeddable":true,"href":"https:\/\/www.b2iconsulting.com\/en\/wp-json\/wp\/v2\/event_listing_type?post=5006"}],"curies":[{"name":"wp","href":"https:\/\/api.w.org\/{rel}","templated":true}]}}

SIL &#8211; Feria líder de Logística, Transporte, Intralogística y Supply Chain del Sur de Europa
